actors of m?
2, 5, 19
What are the prime factors of (4295/10)/(1*(-3)/(-6))?
859
Let a = -186 - -597. Suppose -2*p - z - 2*z - a = 0, z - 1070 = 5*p. Let d = p + 392. List the prime factors of d.
179
Suppose -4*b + 5*h + 99566 = 0, -b + 16936 = 2*h - 7975. What are the prime factors of b?
7, 3557
Let w(s) = -s**3 + 25*s**2 - 3*s + 58. Let b be w(25). Let c(t) = -26*t + 198. List the prime factors of c(b).
2, 5
Suppose 182*p - 179*p - 9 = 0. What are the prime factors of ((-4156)/(-36)*p)/((-2)/(-6))?
1039
Let f be (-54)/(-12) - (-12)/(-8). Suppose 5*i = 4*h + 285, 5*i - 2*h - f*h = 290. Let t = i + -32. What are the prime factors of t?
3, 7
Let g = -2057 + 42809. List the prime factors of g.
2, 3, 283
Let o(y) = y**2 - 10*y - 35. Let g be o(13). Suppose 3*c + 7 = g*c + v, -v = -c + 17. Suppose c*x - 7*x - 655 = 0. List the prime factors of x.
131
Suppose 860*m = 842*m + 168516. What are the prime factors of m?
2, 31, 151
Suppose 2*a - 4 = 3*p - 19, 0 = -a. Suppose f + 0*f = -5*d + 2303, 2285 = p*d - 5*f. List the prime factors of d.
2, 5, 23
Suppose 16*i - 4*d = 21*i - 126832, 4*i + 3*d = 101467. What are the prime factors of i?
2, 6343
Suppose -3*z + 2095 = -5480. Let g = z + -1482. Suppose -3*k + g = 4*k. List the prime factors of k.
149
Let s(l) = -5*l - 113. Let p be s(-23). Suppose -p*a + 6*a = -5*i + 1482, -2*i + 591 = a. What are the prime factors of i?
2, 3, 7
Let r be (-4)/4*(-1041)/1. Suppose 2*o - c = -6*c + 1035, 2*o = -3*c + r. What are the prime factors of o?
3, 5, 7
Suppose 103185 + 13479 = 24*w. List the prime factors of w.
4861
Let h = -313 - -311. List the prime factors of -4 - (h + -389 + 7).
2, 5, 19
Let j(x) = 1796*x**3 - 2*x**2 - 54*x + 109. List the prime factors of j(2).
3, 4787
Let r(g) = g**3 + 5*g**2 + 5*g + 6. Let v be r(-4). Suppose -22 = 12*m + v. Let s = m + 143. What are the prime factors of s?
3, 47
Suppose 6*j - 5*j - 15 = 0. Let t be (6/5)/(2/j). List the prime factors of (-1*15)/((t + -6)/(-3)).
3, 5
Suppose 16*a - a = 330. Suppose -a*j = -24*j + 1184. What are the prime factors of j?
2, 37
Let y be (-6 + 2 + (-3063)/9)*3. Let u = 2235 + y. What are the prime factors of u?
2, 601
Let n be -4*(-11 - 0)*10. Suppose 435*t - n*t = -3695. List the prime factors of t.
739
Let n = 93 - 91. Suppose 4*i - 30 - 36 = 3*a, -68 = -4*i + n*a. Let l(r) = 6*r - 14. What are the prime factors of l(i)?
2, 47
Suppose -r + 11 = 9. Suppose r*v + 4*a = 868, -v + 2*a = 4*v - 2134. List the prime factors of v.
2, 107
Let k be 2/(3/(2*(-1644)/(-16))). Let f = k - -123. What are the prime factors of f?
2, 5, 13
Let v(g) be the second derivative of 15*g**3/2 - 43*g**2/2 - 70*g + 2. List the prime factors of v(9).
2, 181
Suppose 5*z - p = 29360 - 1310, 4*z - 3*p = 22429. Suppose -216 = 13*q - z. List the prime factors of q.
5, 83
Let w(a) = a**3 - 37*a**2 + 22*a + 38. What are the prime factors of w(41)?
2, 479
Let p = -1 + 31. Let q = -41 + p. Let k = 100 + q. What are the prime factors of k?
89
Suppose 25*q = 22*q + 57. Let n(r) = -r**3 + 18*r**2 + 43*r - 5. What are the prime factors of n(q)?
11, 41
Let z(v) = 5*v**2 - 11*v + 5. List the prime factors of z(-18).
1823
List the prime factors of (-7 - -47422) + 2 + -14.
3, 23, 229
Let i be ((-12)/42)/(3/(-42)). Suppose 6*a - i*a = 62. Let o = a + -3. What are the prime factors of o?
2, 7
List the prime factors of (-1155)/(-924) + (-96443)/(-4).
2, 11, 137
Let r be ((-18)/12)/((-3)/4). Suppose -r*d + 2*z + 24 = 0, -3*z - 58 = -5*d + z. List the prime factors of (d + -6)*113/4.
113
Suppose -58*q = -26*q - 224224. What are the prime factors of q?
7, 11, 13
Let i(l) = -132*l - 24. Let p be i(6). Let r = p - -1512. List the prime factors of r.
2, 3, 29
Let o(s) = 2*s**2 + 6*s + 1833. Suppose 2*v - 3 = -3*u, -2*v - 2 = 6*u - 8*u. List the prime factors of o(v).
3, 13, 47
Let b = -62 + 135. Let i = -64 + b. Suppose i*o = o + 392. What are the prime factors of o?
7
What are the prime factors of (-284)/(-639) - ((-814975)/(-9))/(-5)?
3, 6037
Let a = 2748 + 1955. List the prime factors of a.
4703
Suppose -127*a = -103*a - 175536. List the prime factors of a.
2, 3, 23, 53
Suppose 6*k = -5*k + 88. Suppose -22*s = -24*s - k. List the prime factors of (-490)/(-28) - 2/s.
2, 3
Let s(g) = -3*g + 7. Let h be s(-6). Let f(x) = x**3 + 9*x**2 - 25*x - 12. Let j be f(-11). Suppose -j*m + h*m = 248. What are the prime factors of m?
2, 31
Let w = -10589 - -15187. What are the prime factors of w?
2, 11, 19
Suppose -3*t - 5*m + 122 = -2*t, -4*t = 2*m - 452. Let p be (6/7)/((-8)/t). List the prime factors of p*(-3 + (-95)/10).
2, 3, 5
Let r(f) = -2*f - f**3 + 4*f + 13*f**2 + 2*f**3 + 3 - 17*f**2. Let k be r(2). List the prime factors of (-2 - (110 + 1))/k.
113
What are the prime factors of (-47)/((-1645)/(-2380))*559/(-2)?
2, 13, 17, 43
Suppose 0 = 9*r + 107*r - 8256747 + 964291. List the prime factors of r.
2, 17, 43
Let l = 357 + -357. Suppose 406*s - 412*s + 3252 = l. What are the prime factors of s?
2, 271
Let x(n) = -10*n - 15. Suppose 5*g + 10 = -4*o, g + 3*o = -2*g - 9. Suppose 4 + g = -s. List the prime factors of x(s).
3, 5
Let r = 46457 - 30445. List the prime factors of r.
2, 4003
Let q be -4 + (-6)/(6/(-11)). Suppose -q = 5*x - 22. Suppose 0 = x*p - 410 - 97. What are the prime factors of p?
13
Suppose 0 = -2*a + 972 + 11346. What are the prime factors of a?
3, 2053
Suppose -3*n = -10*s + 9*s + 3628, 0 = 2*s - 4*n - 7250. List the prime factors of s.
7, 11, 47
Suppose -11*p + 8*p = -4*c + 1014, 5*p + 3*c + 1690 = 0. Let d = 866 + p. List the prime factors of d.
2, 3, 11
Let h = -107 + 120. Suppose 0 = -h*n + 727 + 4187. Suppose 5*w = w + 3*o + 500, 3*w = 3*o + n. List the prime factors of w.
2, 61
Suppose 0 = -2*n - 3*n. Suppose -26*o + 25*o + 14 = n. Suppose s + 4*b = o + 47, 2*b = -4*s + 244. What are the prime factors of s?
61
Let f(n) = -2*n + 31. Let y(l) = l - 7. Let r be y(7). Let b = r + -13. What are the prime factors of f(b)?
3, 19
Let x = -15 + 35. Suppose 4*k - 15 = -5*l, 3*k - 5*l + 0 - x = 0. Suppose z - 2*i = 35, 2*i - 80 - 71 = -k*z. List the prime factors of z.
31
Let m = 92 + -89. Suppose m*c + 6*c = 0. Suppose 7*f - 501 - 1032 = c. What are the prime factors of f?
3, 73
Let k(t) = 3*t**2 - 3*t + 11. Suppose -3*h - 14*h = -34. List the prime factors of k(h).
17
Let d be (1288/(-20))/(1/(-5)). Let k = -267 - -82. Let i = k + d. List the prime factors of i.
137
What are the prime factors of (4865/(-98) + 1/7)*-86?
3, 11, 43
Let t be ((-438)/(-15))/((-12)/(-120)). Let b = 829 - t. What are the prime factors of b?
3, 179
Let r = -162 + 5427. List the prime factors of r.
3, 5, 13
Let x be -2*4004/(-72) + (-2)/9. Let h = x + -92. Suppose -26 - h = -9*a. List the prime factors of a.
5
Suppose -197*w - 3172135 = -256*w. What are the prime factors of w?
5, 10753
Suppose -7*q = -69 - 1. Suppose -2*l - q = -7*l. Suppose -l*d + d + 17 = 0. List the prime factors of d.
17
Suppose -945*n = -790*n - 10423440. List the prime factors of n.
2, 3, 467
Suppose -4*u + 67634 = 2*k, -704*k + 701*k - u + 101466 = 0. List the prime factors of k.
149, 227
Suppose -158273 - 269231 = -16*x - 103456. List the prime factors of x.
3, 43, 157
Suppose 434 = -10*l + 3674. List the prime factors of l.
2, 3
Let y(m) = -2*m**2 - 3*m + 2. Let n be ((-4)/(-3))/(-4)*-3. Let v be y(n). List the prime factors of (-38)/(v/3) - -3.
41
Let d = 115 + -93. Suppose d*r - 19*r = 996. What are the prime factors of r?
2, 83
Let v be (-15*(-9032)/40)/(0 - -3). Suppose 7*l - 2258 = 5*l - 5*p, -l - 3*p + v = 0. List the prime factors of l.
1129
Suppose -3*q + 4*k = 1 + 19, -4*q - 5*k + 25 = 0. Suppose q = -y - 3*i, -i - 17 = -4*y + 4*i. Suppose 0 = -5*c + 312 + y. List the prime factors of c.
3, 7
Suppose 3*f - 12 = 0, -3*h - 49*f + 52*f = 72. List the prime factors of (18750/h)/(12/(-16)).
2, 5
Suppose 5*q - 1554 - 11 = 0. Suppose 0*w = -3*w + 15. Suppose -q = -w*f + v, -2*f + 85 = v - 36. List the prime factors of f.
2, 31
Let z = 39 + -48. Suppose -3*j - 4*h + 21 + 10 = 0, j - 5*h = 4. List the prime factors of 173 - j/(z/(-4)).
13
Let f(r) = 154*r**2 - 264*r + 4067. List the prime factors of f(16).
3, 4363
Let y(l) = 52*l**2 - 2*l + 3. Let j be (-2)/(-1) - (-17 - -15). Suppose -3*c - 7 = -j*s, -4*s + 0*s - 2*c = -2. What are 